ime number?
False
Is 428535229 prime?
True
Is 20052131863 a prime number?
False
Is 2315274601 prime?
True
Is 4230044558 prime?
False
Is 359736019 a prime number?
True
Is 3165446233 prime?
False
Is 274830733 prime?
False
Is 10558927501 composite?
False
Is 5858214001 prime?
True
Is 7907568379 a prime number?
False
Is 2403894191 a composite number?
False
Is 2429707121 a composite number?
True
Is 29444761867 a prime number?
True
Is 266650499 composite?
True
Is 71645141629 a composite number?
False
Is 16688647201 a composite number?
False
Is 91200215735 a composite number?
True
Is 1809334283 composite?
False
Is 36147284519 a prime number?
True
Is 14591959007 composite?
True
Is 2308238413 a composite number?
True
Is 1042326203 prime?
True
Is 25710935669 composite?
True
Is 936494107 prime?
True
Is 261438467 a composite number?
True
Is 37727718211 a prime number?
True
Is 308441957 prime?
False
Is 3851561423 prime?
False
Is 198695423 a prime number?
True
Is 4942290247 prime?
True
Is 2300788933 composite?
True
Is 1532058301 prime?
True
Is 70741588301 a composite number?
True
Is 742880561 a prime number?
False
Is 8376616529 composite?
False
Is 168412913 prime?
False
Is 21827023651 a composite number?
False
Is 7246566331 prime?
False
Is 754660261 a prime number?
True
Is 100018753 a prime number?
True
Is 68780280263 composite?
True
Is 44009214589 composite?
False
Is 38383748213 prime?
True
Is 1882677973 a composite number?
True
Is 1092752423 a composite number?
True
Is 668586071 a prime number?
False
Is 453815819 a composite number?
False
Is 1139527511 a composite number?
False
Is 250359727 a composite number?
True
Is 424484837 a prime number?
False
Is 18982573361 a prime number?
False
Is 35239298023 prime?
False
Is 124866031 prime?
True
Is 3567069067 prime?
False
Is 14343437963 a prime number?
False
Is 483274237 prime?
True
Is 11410947571 composite?
True
Is 21340733 composite?
True
Is 211019903 a composite number?
True
Is 23419227287 a composite number?
True
Is 505053733 a prime number?
True
Is 10106375393 prime?
False
Is 1011094159 prime?
False
Is 1229383019 a composite number?
False
Is 7005580537 prime?
True
Is 399604297 prime?
False
Is 896807399 composite?
True
Is 5978393495 a composite number?
True
Is 6023207051 composite?
False
Is 1603183289 a composite number?
True
Is 6093370597 a composite number?
False
Is 582139390694 a composite number?
True
Is 35368977871 prime?
False
Is 21097441 prime?
True
Is 4353514787 a prime number?
False
Is 50871180643 a prime number?
False
Is 31305228377 a prime number?
False
Is 58621139 a composite number?
True
Is 3841233677 prime?
True
Is 3051930863 composite?
False
Is 6946209703 prime?
True
Is 254285377 prime?
False
Is 3331818431 a prime number?
True
Is 38803224569 a composite number?
True
Is 23340865558 a prime number?
False
Is 16145867071 a composite number?
True
Is 1877660299 a prime number?
True
Is 7998240949 a composite number?
True
Is 12331492319 prime?
False
Is 78708185191 composite?
False
Is 3622078933 composite?
True
Is 43689181 prime?
True
Is 2085600898 a composite number?
True
Is 31079036683 composite?
False
Is 66973846067 prime?
True
Is 512898871 a prime number?
True
Is 274906627 composite?
False
Is 8524920515 composite?
True
Is 7345766201 prime?
True
Is 21850304491 a prime number?
False
Is 1089005339 composite?
True
Is 825562723 composite?
False
Is 1993800667 a prime number?
True
Is 88183678627 a composite number?
True
Is 660707491 a prime number?
True
Is 686557273 composite?
False
Is 55376599 prime?
False
Is 45463589279 a prime number?
True
Is 8106058547 a prime number?
False
Is 4575620273 prime?
False
Is 3375956401 a composite number?
False
Is 105540319 a composite number?
True
Is 6293555585 a composite number?
True
Is 985379737 a composite number?
False
Is 13286613931 prime?
True
Is 7241785063 composite?
False
Is 302452481 composite?
False
Is 19956087511 prime?
False
Is 8568211 a prime number?
True
Is 4802180447 composite?
False
Is 9131808379 a composite number?
False
Is 1125608353 a prime number?
False
Is 179357447 a composite number?
True
Is 133094557 a composite number?
False
Is 6516893821 composite?
True
Is 22682407337 a composite number?
False
Is 862571393 a composite number?
True
Is 8341207619 a composite number?
False
Is 6336430271 composite?
False
Is 86709404653 composite?
True
Is 16169435263 prime?
False
Is 3510511241 composite?
False
Is 834822871 composite?
False
Is 306727783 a composite number?
False
Is 49711068481 a composite number?
False
Is 31979496209 composite?
False
Is 1759150189 a composite number?
True
Is 213902237 composite?
True
Is 4425550901 composite?
False
Is 2618961487 a prime number?
False
Is 39768935527 prime?
True
Is 21839566702 a prime number?
False
Is 863348341 a composite number?
True
Is 55351393 a prime number?
True
Is 1141132937 prime?
False
Is 3485222263 prime?
True
Is 23129819 prime?
True
Is 1805190293 composite?
True
Is 68789672293 composite?
False
Is 13057995823 a composite number?
True
Is 2695183661 a composite number?
True
Is 868149385 a composite number?
True
Is 1010895983 a prime number?
True
Is 213427085 composite?
True
Is 64301722123 composite?
True
Is 15951728981 composite?
False
Is 89581588517 a composite number?
False
Is 327844729 prime?
True
Is 4413771361 prime?
False
Is 4005695897 a composite number?
True
Is 1170371021 composite?
False
Is 2886020573 a prime number?
False
Is 2355985483 composite?
True
Is 301046657 a prime number?
True
Is 3995637817 composite?
False
Is 190782203 a prime number?
True
Is 26344749 composite?
True
Is 1867671643 prime?
True
Is 8609320043 prime?
False
Is 469867361939 prime?
True
Is 3383683819 a prime number?
True
Is 33791391499 a composite number?
True
Is 810856843 prime?
False
Is 8204637269 composite?
True
Is 115642693 prime?
True
Is 2022357611 a composite number?
False
Is 609804577 prime?
True
Is 181128211 composite?
True
Is 270324927131 a prime number?
False
Is 1424506807 prime?
False
Is 103899825791 prime?
True
Is 10508900147 composite?
True
Is 9787909421 prime?
True
Is 218142373 prime?
False
Is 5155279477 composite?
False
Is 1180198097 a composite number?
True
Is 107969823443 prime?
False
Is 601772513 composite?
False
Is 270242279 a prime number?
True
Is 4004375657 a composite number?
False
Is 801429869 a composite number?
False
Is 20523154441 a prime number?
False
Is 995308247 a composite number?
True
Is 292671361 composite?
True
Is 3029869957 a composite number?
False
Is 509127727 composite?
True
Is 995871887 prime?
True
Is 21294132463 composite?
True
Is 48165215207 prime?
True
Is 11481159227 a composite number?
True
Is 17583162771 a composite number?
True
Is 2179296101 prime?
True
Is 30328251531 prime?
False
Is 8102681261 prime?
True
Is 1488080015 a prime number?
False
Is 133985239 a composite number?
False
Is 545189083 composite?
False
Is 51084673823 a composite number?
True
Is 40645773881 a composite number?
True
Is 1312100639 a composite number?
False
Is 17456571961 a prime number?
True
Is 34486495 a prime number?
False
Is 2918361597 composite?
True
Is 121006807 composite?
True
Is 531373639 prime?
True
Is 95055242501 composite?
True
Is 5007540169 composite?
False
Is 22140994529 a composite number?
False
Is 3040516043 a prime number?
True
Is 112823693 a prime number?
False
Is 50178034817 prime?
False
Is 2133701873 composite?
True
Is 5416543837 a composite number?
True
Is 2638643543 composite?
True
Is 1260143949 a composite number?
True
Is 15427719277 a composite number?
False
Is 5263251491 composite?
True
Is 25369976981 prime?
True
Is 691490473 a composite number?
False
Is 16270567 a composite number?
True
Is 3863835713 a composite number?
False
Is 90021908359 a composite number?
False
Is 13398648737 prime?
False
Is 921118649 prime?
False
Is 1661769371 composite?
True
Is 5028622867 a composite number?
False
Is 29150512097 a prime number?
False
Is 730007233 composite?
True
Is 4585042673 a prime number?
False
Is 20912892311 prime?
True
Is 2620497839 a composite number?
False
Is 91574740489 a composite number?
True
Is 1813856237 composite?
False
Is 6658829579 composite?
True
Is 216871019951 a prime number?
False
Is 2760241901 a prime number?
True
Is 7049102509 a prime number?
False
Is 268151671 a prime number?
False
Is